*w - 17441 = 0. Is o a composite number?
False
Let u(z) = -92*z**2 + 67*z - 21. Let f(j) = -2*j - 1. Let q(r) = 3*f(r) - u(r). Is q(-17) a composite number?
False
Is 147770/18 - 7/(945/60) a prime number?
True
Suppose -2*c - 15756 - 14474 = -4*i, i - 4*c - 7575 = 0. Is i prime?
False
Suppose -25*j + 170*j = -103*j + 13388776. Is j prime?
True
Suppose -7*w + 3645462 - 462023 = 183918. Is w a composite number?
False
Let b be (2511/2)/((-99)/(-2640)). Suppose 0 = 9*h - 4527 - b. Is h composite?
True
Suppose -3*d + 12 = 0, 778038 = 2*q + d + 60112. Is q a prime number?
False
Let z(b) = -5*b**3 + 28*b**2 + 15*b + 29. Let t(q) = q**3 - q**2 + q - 1. Let l(c) = 6*t(c) + z(c). Is l(-21) a prime number?
True
Let r(q) = 54969*q - 2024. Is r(3) a prime number?
False
Suppose 142*f - 148*f = -208422. Is f a composite number?
True
Let w = 14777 + -6446. Suppose 4*f = -1735 + w. Is f prime?
False
Is (-4 - (-30195)/(-180))/(3/(-14684) - 0) a composite number?
True
Suppose 605 = -37*n + 48*n. Suppose -n*l - 4063 = -56*l. Is l a prime number?
False
Is (1471148/(-84))/(1 - 21/18) a composite number?
True
Let z = 42 + -37. Suppose -z*k + 2027 = -3*f, 0 = k + 4*f - 2*f - 395. Is k a prime number?
False
Let j(w) = -3*w**3 - 13*w**2 + 12*w + 31. Let k(u) = 3*u**3 + 12*u**2 - 11*u - 32. Let l(h) = 3*j(h) + 2*k(h). Is l(-12) a prime number?
False
Let r = 933358 - 619103. Is r a composite number?
True
Let r(k) = 8*k + 32. Let m be r(8). Let h = 92 - m. Is ((-41)/h)/(((-7)/12)/(-7)) prime?
False
Is 20 - (-1832582 - 12) - 21 a prime number?
False
Suppose -23*r + 18*r + 26750 = 0. Let b = r + -2955. Is b a prime number?
False
Let q = 72 + -70. Suppose -q*b + 1230 = -1072. Is b a composite number?
False
Let m = 561 + -1189. Let o = m - -1499. Is o a composite number?
True
Let c(k) = k**3 + 6*k**2 + 2*k + 12. Let s be c(-6). Suppose s*v = -v - 9. Is (-3)/(4/(10644/v)) prime?
True
Let u(a) = 2*a**3 + 6*a**2 - 8*a + 3. Let c be u(5). Let g = c + 806. Suppose -2*p + o = 3*p - 2933, -2*p + g = o. Is p prime?
False
Suppose 5 = 4*y - 3. Suppose 30 = -y*g + 12. Is g/(-27) + (-1162)/(-6) a prime number?
False
Is (-92)/966 + (-301690)/(-42) prime?
False
Let g be 18 + (-18)/(-9) - (-1 + -2). Suppose -g*y = -16*y - 32263. Is y a prime number?
False
Let z(c) = -509*c - 72. Let h be z(-18). Suppose 4*k - 20642 - h = 0. Is k composite?
False
Let g(d) = d**3 + 12*d**2 + 4. Let j be g(-12). Suppose -37*v + j = -38*v. Is 500 + 2*(v - -5) composite?
True
Let u be -193*-2*(-3)/(-6). Suppose u*l = 195*l - 4238. Is l a composite number?
True
Suppose 240 = -134*b + 122*b. Is 8/(-20) - (-2 + 17988/b) prime?
False
Let z(q) = 19*q**2 + 45. Let s = -145 + 155. Is z(s) composite?
True
Suppose -5*u = -4*w + 5*w - 32355, -2*w - 10 = 0. Suppose -u = -2*q - 1550. Is q prime?
False
Suppose -7*n + 16550 = 1661. Is n a composite number?
True
Let v be 134/(-6) - 5/(-15). Let u(p) = -p**3 - 20*p**2 + 37*p - 1. Let c be u(v). Suppose -w = -r - 4*r - c, 5*w = 2*r + 811. Is w a prime number?
True
Let x be ((-69)/(-46))/((-6)/(-5564)). Let f = x - 729. Is f prime?
False
Let r(t) = 30*t**3 - 14*t**2 - 6*t + 12. Let y be r(-5). Suppose 11349 + 113 = 2*x. Let l = y + x. Is l a composite number?
True
Let t be (8*(-72)/5)/(4/(-90)). Let p = t + -801. Suppose -2*a - 281 = 3*u - p, -3*u = 0. Is a prime?
False
Let g = -82 - -49. Let z = g + 26. Is 0/2 + 324 + z a composite number?
False
Suppose 3*z + 578 = -334. Let t = 2025 + z. Is t a prime number?
True
Suppose 6 = -7*l + 5*l, 4*l + 60 = -4*h. Is 46455/7 - ((-240)/(-35))/h composite?
False
Suppose 0 = 4*i - 28, 0 = 55*c - 53*c + 2*i - 4474972. Is c a prime number?
True
Is 6*4/72*8/((-32)/(-1083468)) prime?
True
Let a be (-4)/(-52) - 102/(-26). Suppose 70 + a = x. Is x a prime number?
False
Let l = 1248 + 14179. Is l a composite number?
False
Let q(o) = -4*o**2 + 86*o - 1409. Let p be q(40). Let f = 3 - 2. Is f*((-14)/(-21) - p/3) a prime number?
False
Suppose -18*h - 89 = -197. Is h/20*5*8098/3 prime?
True
Let b = -9706 - -13746. Let c = b + -2347. Is c composite?
False
Suppose -7 = -2*r - 2*w - 3, 0 = -3*r + w + 14. Suppose -r*c + 49 = -3*v, 15 = 3*c + 4*v + v. Suppose -727 = -c*l + 2303. Is l prime?
False
Let x(s) = -7435*s + 1457. Is x(-12) a composite number?
False
Let w(s) = -s**3 + 4*s**2 - s - 4. Let y be w(2). Let h be (-1)/(2/20) + y. Let f(n) = -77*n + 7. Is f(h) prime?
False
Suppose 2*m - 3*z - 75 + 7 = 0, -4*z + 176 = 4*m. Is ((-2825)/100)/((-2)/m) a prime number?
False
Let y(p) = 205*p + 219. Let z be y(15). Let u = z - 1835. Is u a composite number?
False
Let b(m) = 6*m**3 - m**2 - 2*m + 2. Let o be b(1). Suppose 2*d + o + 3 = 0, 1074 = 3*v - 3*d. Suppose v = 15*p - 2901. Is p prime?
False
Let o(s) = -144670*s - 881. Is o(-1) a composite number?
True
Let p = 8513 + -4668. Is p a composite number?
True
Let b = 36337 + -19517. Let n = -9489 + b. Is n composite?
False
Let s = -43 - -7. Let q = 15 - s. Is 620/((-4)/(-2)) + q/(-17) a composite number?
False
Let b(o) = 110*o - 17. Let n be b(-7). Let i = n - -1358. Let v = i + -278. Is v a prime number?
True
Is (-2)/(20449781/(-1202927) - -17) prime?
True
Let k(p) = -26*p**3 - 2*p**2 + 2*p - 1. Let z = -71 + 74. Suppose 10 = -z*f + 1. Is k(f) prime?
True
Let f(r) = -6293*r + 2159. Is f(-24) prime?
True
Suppose -1944826 = -30*p + 1855614 - 141370. Is p a composite number?
True
Suppose 905567 = 13*h - 1720836. Is h a composite number?
False
Let g be 5 - (-30)/(-6 - 0). Suppose -3*x + g = 12. Is (x - -2 - 121)/(12/(-164)) composite?
True
Let u = 223150 + -144953. Is u a composite number?
True
Is (-324176875)/(-2745) - (-16)/9 composite?
True
Suppose -i + 3 = 0, 10*k = 11*k + 5*i - 803. Let b = k + -610. Is b a composite number?
True
Let t(a) = 3*a**2 - 105*a + 105. Let j be t(34). Let v(d) = 120*d - 1. Let y be v(4). Suppose 5*o + 3*g - y = 0, -g - 390 = -o - j*o. Is o composite?
False
Suppose 2*o - 8*o + 713421 = 7359. Is o prime?
False
Suppose 4 = -3*u + 76. Let a be (-3)/u*-2 + 19644/16. Let l = a - 507. Is l a composite number?
True
Let k(h) = -28*h**2 - 31*h + 10. Let b(i) = 27*i**2 + 30*i - 11. Let j(c) = 4*b(c) + 3*k(c). Is j(-13) composite?
False
Suppose -5*d + 139 = -4*w + 6*w, 6 = 3*w. Suppose 0 = -d*m + 5*m + 59554. Is m prime?
True
Suppose 76*n + 341767 = 79*n - 2*y, 341766 = 3*n - 3*y. Is n composite?
True
Is ((-211427)/(-3))/(((-480)/(-720))/(0 + 2)) prime?
True
Is 203465 + (-6 - -19) + -13 a composite number?
True
Let q(w) = -10*w - 20. Let u be q(-9). Suppose -2*y + 74 - u = 0. Suppose -3*t + 3115 = y*t. Is t prime?
False
Suppose 3 = 5*p + 5*q + 18, 9*p - 3*q = 45. Suppose 34672 = 5*d - 0*o - o, 3*o = -4*d + 27749. Is d/4 - p/4 composite?
False
Let p(c) = -126*c - 73. Let a(y) = y**2 - y - 4. Let t be a(3). Let z be (-68)/(-34)*(-1)/t*5. Is p(z) prime?
True
Let c(r) = 4507*r + 691. Is c(6) a prime number?
True
Let z be (162/12)/((-8)/(-16)). Suppose -29655 - 339408 = -z*y. Is y a composite number?
False
Let g(p) be the second derivative of p**5/20 + p**4 - 13*p**3/6 - 29*p**2/2 + p + 463. Suppose s = 4*s + 27. Is g(s) a prime number?
True
Suppose 91*j - 18*j = -47*j + 11367480. Is j composite?
True
Let c = 186 + -166. Let x(v) = 114*v - 89. Is x(c) a composite number?
True
Let c(f) = -2*f**2 - 39*f - 13. Let r be c(-19). Is (14081/(-2))/((-3)/r) a composite number?
False
Suppose -3*b = 17*b - 60. Suppose -4*g = -6 - 6, b*z = -3*g + 5400. Is z a composite number?
True
Let z = -26 + 39. Suppose -2*l = -3*v - 16, -5*l + 3*v - z + 35 = 0. Suppose -5*f = 5*o - 703 - 2037, -2*f + 1092 = -l*o. Is f composite?
False
Suppose 8*c - 2*x + 10571 = 11*c, -3*c = -x - 10559. Is c composite?
True
Let u(r) be the third derivative of 7/120*r**6 + 0*r + 0 - 1/2*r**3 + 18*r**2 + 1/20*r**5 + 1/6*r**4. Is u(5) prime?
True
Let z be (-12)/(-8)*(0 - -1 - -1). Suppose 0 = -8*m + 3*m + 3*o - 60, 2*m + 33 = 3*o. Is (1082/(-6))/(0 + z/m) prime?
True
Suppose -4*l = l + 2*b - 12, b = -4. Let q(c) = c**3 - 2*c**2 + 7*c - 4. Let t be q(l). Is ((-6846)/t)/(6/(-16)) composite?
True
Let b = -109 - -111. Suppose b*s - 3*s + 2893 = 0. Is s composite?
True
Let w be (-3 + 1 - -2) + 2. Suppose 0 = -6*b + w*b. Suppose b*m - 4*m + 4 = 0, -3*i + m + 7706 = 0. Is i prime?
False
Suppose 0 = 2*d + 17*d - 4*d - 7261665. Is d composite?
Fals